 -5.
0
What is the value of -7 + (-1 - -10 - 10)?
-8
Calculate 9 + -8 - (0 - 1).
2
Calculate -9 + -1 + 5 - -13.
8
Evaluate (1 + -2 - 1 - -1) + -2.
-3
Evaluate -15 + 2 + -2 + -5 + 12.
-8
What is the value of (-2 - -3) + 0 + -2?
-1
What is 2 - ((4 - 14) + 7 + -2)?
7
What is 2 - (3 + -5 + 8)?
-4
What is the value of 0 + 2 + (3 - 2)?
3
3 + 10 - 25 - (-5 + 1)
-8
Calculate (-6 - -6 - 3) + -2.
-5
What is (0 - 4) + (3 - 1)?
-2
What is the value of 3 + -2 + 2 + 3 + -2?
4
What is the value of 1 + 5 + 4 + -2?
8
What is 6 + 2 + -12 + -3 - -4?
-3
(-65 - -60) + (0 - -12)
7
Evaluate (0 - 0) + 7 + (-13 - -1).
-5
What is the value of (3 - 2) + 19 + -20?
0
What is (3 + 6 - 9) + (3 - 1)?
2
Evaluate -5 + 0 - (-2 + -3).
0
What is (-4 - 1 - -9 - -2) + -6?
0
Calculate 0 + -2 + (0 - 1) - 2.
-5
Evaluate 6 - (1 + 0 + 6).
-1
What is 1 + (5 - -2 - 3) - 3?
2
Calculate 7 + -3 + 9 + -9.
4
Evaluate (3 - 6) + (9 - 7).
-1
(15 - 16) + (6 - 2) - 1
2
Calculate -9 + (5 + -1 - 0 - 1).
-6
-2 - (1 - (3 - -4))
4
1 - (-4 - (-3 + -3))
-1
Evaluate 1 - 5 - (-1 + -2 + -3).
2
What is -1 + -3 + (0 - (-2 - -1))?
-3
Calculate 4 - (-1 - (-4 + -4)).
-3
Calculate -1 + 1 + 1 - (-34 - -32).
3
What is the value of 0 - -8 - (-5 + 16)?
-3
Calculate -4 + 19 + -2 + -8.
5
-3 + (4 - (9 - 4) - -9)
5
-3 - (6 + (-9 - (-1 + -2)))
-3
What is the value of (4 - (4 - 10 - -11)) + 2?
1
What is -5 + 0 + -2 + (-10 - -13)?
-4
Evaluate -3 + 0 + 4 - 4.
-3
What is (-20 - -18) + 2 + -1?
-1
Calculate (-1 - -3) + 29 + -26.
5
What is (-4 - -1 - (2 - -2)) + 4?
-3
3 + -1 + 0 + -4 + 0
-2
6 + -9 - (-6 + 1) - -1
3
What is -5 - (-8 + (-6 - -6))?
3
1 + -5 - (3 - (2 + 6))
1
Calculate (2 - (-3 - 7)) + -7.
5
Evaluate (5 - 3 - (2 + -2)) + -5.
-3
Evaluate -7 + 3 + 0 - (-9 + 4).
1
Calculate (-5 - -4 - 5) + 1.
-5
What is the value of 11 + -6 - (1 + 3 - 0)?
1
What is the value of 2 + (0 - 2) + (2 - -1)?
3
What is the value of -2 + -5 + (-10 - -8)?
-9
What is 9 + (-7 - -1) + 2?
5
What is the value of -2 + 1 + 5 - (-6 - -7)?
3
3 + (10 - (17 - 8))
4
Evaluate 0 + 1 - (-10 + 7).
4
What is the value of 8 + -15 + 0 - 0?
-7
Evaluate -4 + (13 - -6 - (-4 + 11)).
8
What is the value of 2 + 9 + -50 + 43?
4
Calculate -4 + (-1 - -4) + 1.
0
What is -13 + 6 + 3 + 2 + 12?
10
Evaluate -4 - (7 - (14 - -3)).
6
Evaluate -3 - 5 - (-2 - -5 - 10).
-1
11 - 15 - -3 - (1 + 3)
-5
What is -2 - -11 - 0 - 12?
-3
Calculate -1 + (4 - (1 + 0)) - 2.
0
Calculate 0 - 6 - (-6 - (1 + -3)).
-2
What is the value of (18 - 20) + 8 + 2?
8
What is 0 + -5 + (6 - 5)?
-4
Evaluate 4 - ((1 - -7) + -2).
-2
What is the value of 15 + -13 - -6 - 11?
-3
What is -3 + -3 + 1 - (-20 + 4)?
11
Calculate -2 + (-3 + 3 - 3).
-5
Calculate 2 + 0 + -1 + 18 + -23.
-4
6 - (-4 + (5 - 5 - -8))
2
(-2 - 0 - -4) + 0 + -4
-2
Evaluate -6 + 7 + 1 + -8 + -3.
-9
What is -2 - (17 - 25 - (-6 + 2))?
2
Evaluate (3 + -1 - -3) + -5.
0
Evaluate -5 + (1 + 9 - 5) + 1.
1
(-2 - 2 - -3) + -4
-5
What is the value of 2 + (5 + -10 - (0 + 3))?
-6
Evaluate -1 + (5 - (6 - (7 - 1))).
4
What is the value of (7 - 7 - -1) + -6?
-5
Calculate (-7 - -1) + 1 - -13.
8
Evaluate 5 + (3 - 13) + 4 + 1.
0
Evaluate 2 + 0 + -2 + 2 + -6.
-4
What is -1 - (-2 - -1) - 3?
-3
Calculate -3 - ((-2 - 3) + -12 + 15).
-1
What is the value of (3 - 5 - -1) + (-11 - -5)?
-7
Evaluate -6 + 6 - (0 - -2 - 1).
-1
What is the value of -1 - (0 - -3 - -1)?
-5
Calculate (6 - 1) + -7 + 2 + 2.
2
What is 1 + (4 - -3) - 5?
3
Calculate 4 - (6 + -11 + 7 - 3).
5
Evaluate 5 + 0 + -3 - 3.
-1
What is the value of -1 - (-3 + 0 - 2)?
4
What is (-4 - 0) + 11 + -3 + -4?
0
3 + -18 + 11 - (0 + -3)
-1
0 + 5 + -4 - 2 - -4
3
What is (-2 - 5 - -1) + 3 - -1?
-2
What is 7 + (11 - 13 - (0 - -2))?
3
Evaluate 18 - (-11 - -25) - (-1 + -2).
7
Evaluate -2 - (-4 + 6 + -2 + 4).
-6
Calculate -9 + 2 + -1 + 14.
6
-2 + -4 + -2 + 18
10
What is the value of 3 + 5 - (-7 - -21)?
-6
What is the value of -6 + 6 + 2 + -3?
-1
What is the value of 2 - 3 - (4 + -1 - 4)?
0
Calculate (2 - 4 - 15) + 9.
-8
0 - -2 - (10 - 9 - -2)
-1
Evaluate -7 + 0 - ((12 - 19) + -8).
8
Calculate 2 + 3 + -4 - (2 - -3).
-4
8 - ((2 - -10) + -7)
3
Evaluate 4 + 0 - (-7 - -2 - -4).
5
Evaluate (-5 - -6) + 0 - 1.
0
What is 3 - (2 - (-1 + (-3 - -4)))?
1
What is the value of -10 + 3 - -4 - (-1 - 7)?
5
Evaluate 19 + 0 - 20 - (-1 - 7).
7
6 - (9 + 9 + -6)
-6
(4 - (6 + -6)) + -7
-3
What is 4 + (-9 - -10) + 0 + -2?
3
What is the value of 4 - (-25 + 33) - (0 + 6)?
-10
What is (-3 - 5) + 5 + -1 + 4?
0
1 + -1 - (-3 - (-7 + 4))
0
-3 + (1 - (1 - 3)) - -1
1
What is 9 + -2 + 0 + -4?
3
What is -2 + 5 + -2 + -1?
0
(-1 - -2) + 2 - (-39 - -39)
3
Calculate -1 + 1 + 2 + -2 + -3.
-3
What is -6 + 5 - (4 - 0)?
-5
-1 + (5 + -4 - 0) + 1
1
(-1 - -5) + (-2 - -3 - 2)
3
Evaluate -3 + 3 + -4 + 4 + 2.
2
Evaluate (-4 - 2 - -3) + -1.
-4
Calculate 2 - (-2 - (-4 - -3)).
3
What is the value of (9 - 4 - 9) + 1 + -1?
-4
What is 1 + -3 + -4 + 2 + 2?
-2
(0 - 8) + 1 + 11
4
What is -7 + 20 + -11 - 3?
-1
Evaluate 5 - ((4 - 0) + -7 + 4).
4
Evaluate -1 + 0 + (-2 - -4).
1
What is -25 + 10 + 7 - (-1 + -4)?
-3
What is (6 - 3 - (8 + -3)) + 2?
0
Calculate (2 - (-3 + 4)) + (4 - 5).
0
2 + 2 + -1 - (55 - 59)
7
What is the value of -3 - ((1 - 0) + -5 - 1)?
2
What is the value of 0 + -1 + 2 - (14 - 6)?
-7
What is the value of -1 - 3 - (-6 - -3)?
-1
What is 5 + -1 - (-13 - -12)?
5
Evaluate (4 + -10 - -21) + -6.
9
What is the value of -2 - -4 - (-2 - -6)?
-2
Evaluate -3 - (0 + (-3 - (3 + -1))).
2
Evaluate -10 + 12 + (1 - 2).
1
What is the value of (6 - 9) + -1 + (-3 - -1)?
-6
What is 4 - (0 + 1 + 2 + -3)?
4
What is the value of (0 - -3) + (12 - 7 - 10)?
-2
Calculate -5 + -1 + (6 - 1).
-1
Evaluate -11 - (-3 + 8 + -9).
-7
Calculate -4 - (1 - (2 - -6 - -1)).
4
What is the value of -3 - (-2 + -2 + 1)?
0
Calculate -5 + 1 + -2 + 7.
1
Evaluate (3 - -2) + -4 - (4 + 1).
-4
What is -3 - (3 + (-1 - 4) + 2)?
-3
What is the value of 0 + 4 - 3 - (1 - 0)?
0
What is (9 - -1) + -15 + -8 + 4?
-9
What is -3 - (-2 + -9 + 7)?
1
Evaluate 1 - (0 + -9 + 7).
3
What is 19 + -24 - (-6 - -1)?
0
Evaluate 1 + 6 - (33 - 32).
6
What is -39 + 41 + (-2 + 0 - 0)?
0
Calculate -1 + (0 - -1 - -4) + 0.
4
Evaluate -10 + (0 - -9) + 3.
2
(10 - 3 - 3) + (9 - 14)
-1
Calculate 0 + -17 + (31 - 18).
-4
Evaluate (-4 - -3) + -2 - -1.
-2
What is the value of -7 + (-3 + 4 - (1 + -2))?
-5
What is the value of (2 - 2) + (-5 + 4 - -4)?
3
Evaluate 2 + -2 + 2 + -7.
-5
Calculate 217 + -217 - ((0 - 1) + 9).
-8
Calculate (10 - 4) + -10 + 3.
-1
What is 1 + 4 + (-28 - (-34 + 17))?
-6
What is 14 - (-10 + 2 + 23)?
-1
2 - (1 - -5) - (-5 + 3)
-2
What is 1 + 4 + -11 + 2?
-4
Calculate (-25 - -27) + -1 + 0.
1
1 + -5 + (4 - (4 + 0))
-4
What is the value of -8 + (-8 - -11) + 7 + -1?
1
Calculate -4 - (4 + -5 + 1).
-4
What is the value of (-3 - 3) + (-2 + 3 - 0)?
-5
Evaluate -4 - (5 + 2 - 6).
-5
Calculate (-2 - -4) + -3 - (0 + -1).
0
What is (2 - (-3 + -5 + 8)) + 4?
6
What is -4 - (7 + 5) - -10?
-6
Evaluate (-5 - -7) + 2 + (3 - 4).
3
Evaluate -8 - (2 - 2) - -12.
4
Evaluate -6 + (1 - 6) + 6.
-5
-6 - -3 - (-2 - (3 + -3))
-1
What is the value of (9 - (9 + -6 - -1)) + -2?
3
3 - -1 - ((2 - 1) + 2)
1
What is the value of 0 + -13 + (-5 - (-6 + -4))?
-8
What is the value of 18 + -3 - (28 - 13)?
0
What is 0 - -1 - (-4 + 2)?
3
What is the value of -8 + 4 + 2 - 2?
-4
What is (7 - 1) + -12 + 5?
-1
Calculate (66 - 75) + (7 - (0 - 0)).
-2
-3 + (3 - 3) + 5
2
Evaluate -9 + 8 - -10 - 1.
8
What is -3 + 4 + -2 - 1?
-2
Calculate -2 - (-3 + -2 + -1).
4
What is 270 + -270 + -2 + (0 - 1)?
-3
-4 - (-3 + (-1 - -4))
-4
What is -18 - -10 - (-5 - (-1 + -1))?
-5
Evaluate (-2 - -6) + 2 + -7.
-1
Evaluate (10 - 5) + 0 - 8 - -2.
-1
What is the value of 4 + (-5 - (0 + 0)) + 0?
-1
Evaluate (-4 - -5) + 4 + -6.
-1
(-6 - -7) + -8 + 8
1
(0 - (-9 - -1)) + (-4 - -1)
5
What is 0 + 3 + 26 + -25?
4
Calculate -15 + 9 + (2 + -2 - -2).
-4
Calculate (-2 - (9 - 8)) + (-2 - -5).
0
Calculate 6 + -5 + -1 + -1.
-1
What is 2 - (5 + -9 - -4)?
2
Calculate -6 + 7 + -2 + (-2 - 3).
-6
What is -2 + 4 + (0 - (-4 - -4))?
2
27 - 22 - (2 + -6 - -13)
-4
What is -5 + ((-3 - 4) + 14 - 4)?
-2
What is 2 + -4 + 3 + -2 + -5?
-6
4 - (4 + -8 + -3 + 14)
-3
What is the value of -2 - (-4 + (-9 - -19))?
-8
1 + (3 - (5 + 1) - 2)
-4
What is the value of (-1 - 7) + (3 - -6) + -1?
0
What is -10 - -6 - -2 - (0 + 1)?
-3
What is 14 - 7 - ((0 - 0)